4*y. What are the prime factors of n?
5, 7
Let h be 2 + 0/(3 - 0). Let a = 3 + h. Suppose -3*b = -2*m - 10, 0 = -b + a*m - 0*m + 12. List the prime factors of b.
2
Let f(n) = -2 + n**2 + n - n**3 - 5*n**2 - 2*n. Let b be f(-4). Suppose -b*s + 8 = -0*s. List the prime factors of s.
2
Suppose -z + 57 = 4. What are the prime factors of z?
53
Let p(q) be the third derivative of -q**6/120 + q**5/12 - q**4/6 - 3*q**2. What are the prime factors of p(3)?
2, 3
Let g(i) = -180*i + 4. List the prime factors of g(-2).
2, 7, 13
Let d be (1 + 0)/(9/45). Suppose 0*s - 85 = -d*s. List the prime factors of s.
17
Let j = -3 + 19. What are the prime factors of 25/4 + (-4)/j?
2, 3
Suppose -106*j + 5 = -105*j. Let l be (-2)/(-2) + -2 + 60. Suppose j*z = 36 + l. List the prime factors of z.
19
Let d(h) be the third derivative of -h**4/24 - h**3 - 8*h**2. What are the prime factors of d(-10)?
2
Let b(l) = 4*l - 3. Suppose -6 = 4*o - 26. Let s be b(o). Let f = -9 + s. What are the prime factors of f?
2
Let z(i) = -6*i. List the prime factors of z(-6).
2, 3
Suppose -7*i = -3*i - 24. List the prime factors of (i/(-4))/(3/(-4)).
2
Let o be 24*((-5)/3 + 1). Let m = o - -48. List the prime factors of m.
2
Let k(t) = -3*t. Let v be k(1). Let h = v - -10. What are the prime factors of h?
7
Let u = 198 + -60. List the prime factors of u.
2, 3, 23
Suppose -13*c = -8*c, 5*b - 605 = 2*c. What are the prime factors of b?
11
Let v(y) be the third derivative of -1/60*y**5 + 1/3*y**3 + 0 + 0*y - y**2 - 1/6*y**4. List the prime factors of v(-4).
2
Suppose 22 = 2*s + 82. Let n be s/(-5)*1/2. List the prime factors of n/18 - 70/(-12).
2, 3
List the prime factors of (-6)/(-4) + 109/2.
2, 7
Let f = 21 - 37. Let u = f + 32. List the prime factors of u.
2
Suppose 0*i + 2*i + 4*z - 60 = 0, 0 = 2*i + 2*z - 50. List the prime factors of i.
2, 5
Suppose 0 = 5*x + 4*g - 69, 2*x - 3*g + 5 = 28. Let q = x + -3. What are the prime factors of q?
2, 5
Let m(v) = -4*v**3 + 14*v**2 - 8*v + 2. Let j(x) = 5*x**3 - 15*x**2 + 7*x - 2. Let o(p) = -3*j(p) - 4*m(p). List the prime factors of o(10).
2
Let t(o) = 14*o**2 + o - 1. List the prime factors of t(1).
2, 7
Let m = -26 + 16. Let r = m + 33. What are the prime factors of r?
23
Let s = 22 + -4. Let k = s + 6. What are the prime factors of k?
2, 3
Let j(a) = -a**3 - a**2 + 2*a. Let u be j(2). Let b(t) = t**3 + 7*t**2 - 7*t + 11. Let n be b(u). Suppose 3 = 3*q - n. What are the prime factors of q?
2
Let h(s) = -s**3 - 6*s**2 - s + 2. Let j be (-384)/(-28) + (-2)/(-7). Suppose 3*r - 13 = -2*p - 2*r, 4*p + 2*r + j = 0. List the prime factors of h(p).
2
Suppose -3*i + 285 = 3*q, -i - 5*q = -q - 101. What are the prime factors of i?
3, 31
Suppose -2*f - 3*t - 1 - 28 = 0, -f = -4*t - 2. List the prime factors of (36/f)/((-9)/30).
2, 3
Let s = 15 + -20. Let j = 17 + s. List the prime factors of j.
2, 3
Let j be (-3 + -2 - -1)*-8. Suppose j = n + 3*y - 8*y, -5*y = 2*n - 49. List the prime factors of n.
3
Let o be 25/3 + (-1)/3. Let a = o - 4. List the prime factors of a.
2
Let y(j) = j**2 + j - 4. Let q be y(-3). What are the prime factors of 0 - -6*3/q?
3
Let y = -8 + 26. Suppose -d + 2*z - 1 + 2 = 0, 3*d + z = -y. Let o(w) = -2*w + 4. List the prime factors of o(d).
2, 7
List the prime factors of (566/6 - -1) + 18/(-54).
5, 19
Let t = 8 + -4. What are the prime factors of 0 - -9 - (-5 + t)?
2, 5
Let c(p) = -7*p**3 - p**2 - 2*p - 4. What are the prime factors of c(-3)?
2, 7, 13
Let k be (-4)/14 - 364/98. List the prime factors of ((-18)/k)/(15/160).
2, 3
Suppose -12*x = -11*x - 111. List the prime factors of x.
3, 37
List the prime factors of (-1109)/(-3) + -3 + (-14)/(-6).
3, 41
Let f(s) = -1 + 0*s - 4*s + 2 - 2. Let w be f(-5). Let m = w - 10. List the prime factors of m.
3
Suppose 4*i = -f + 20, 0*f = -f - i + 5. Let k(w) = -w + 4. Let r be k(f). Let z = r + 9. What are the prime factors of z?
13
Let k be -1 + (3 - 1)/2. Suppose k = -j - 0*j + 35. Let f = 49 - j. What are the prime factors of f?
2, 7
Suppose 0 = -3*q - 4*u + 120, -103 = -3*q + q + 5*u. What are the prime factors of q?
2, 11
Let t(v) = -v**3 + 21*v**2 - 19*v - 15. List the prime factors of t(20).
5
Let r(j) = j - 1. Let f(l) be the third derivative of -l**4/6 + 5*l**3/3 - 2*l**2. Let q(z) = -f(z) - 2*r(z). What are the prime factors of q(6)?
2
Let u = -6 - -2. Let m(p) = p + 4. Let n be m(u). Suppose n*c + c - 4 = 0. What are the prime factors of c?
2
Let a = -14 + 67. List the prime factors of a.
53
Suppose -198 = -6*b + 4*b. List the prime factors of b.
3, 11
Suppose -11*y + 222 = -9*y. What are the prime factors of y?
3, 37
Suppose -3*b = -2*s - 3*s - 106, -4*b + 118 = -2*s. List the prime factors of b.
3
Let z be 184/30 - 4/30. Let p(n) = -5*n + 7*n**2 - n + 15 - 6 - n**3. List the prime factors of p(z).
3
Let o(h) = -h**2 + 6*h - 3. Suppose 3*u = 6 + 6. What are the prime factors of o(u)?
5
Let x(l) = -11*l**3. Let n be x(-1). Suppose y + 2*i - 9 = 0, 5*y + i + 0 = 27. Suppose n + y = 4*g. List the prime factors of g.
2
Let c(u) = -u**3 - 5*u**2 + 4*u + 8. Let q be c(-6). Let j = q - 12. List the prime factors of j.
2
Let v be 60/9 - (-5)/15. List the prime factors of ((-1)/2)/(v/(-322)).
23
Let s = -11 - -26. What are the prime factors of 2*4/6*s?
2, 5
Let b be (-2)/(-4) - 243/(-18). Let s = 23 - b. What are the prime factors of s?
3
Let o(x) = x + 5. Let p(r) = -r + 3. Let c be p(3). Let d be o(c). Suppose -d*g + 39 = -2*g. List the prime factors of g.
13
Suppose 3*d - 20 - 7 = 0. Suppose 0 = -d*p + 4*p + 50. What are the prime factors of p?
2, 5
Let t(u) = 2*u + u - 2*u + 8. List the prime factors of t(11).
19
Suppose 0 = -6*n + 13*n - 196. List the prime factors of n.
2, 7
Suppose -5*k = -25 + 5. Suppose k*r = 19 + 9. List the prime factors of r.
7
Let k = 4 - 0. Suppose 2*p - 5*t = -t, 4*t = 5*p - 12. Suppose -5*f = h - 47, -f + k = p*h - 13. List the prime factors of f.
3
Suppose b = -4*b + 15. Let z(a) = -a**3 + a**2 - a - 1. Let o(k) = 2*k**3 - 2*k**2 + k + 1. Let u(q) = 3*o(q) + 5*z(q). List the prime factors of u(b).
2, 5
Suppose 10 = 6*p - p. Suppose p*m = 4*m - 8. Suppose 2*h + 8 = m*v - 3*h, 0 = 3*v - 4*h - 5. What are the prime factors of v?
7
Let f(w) = -9*w**2 - 2*w + 5. Let k be f(-4). Let s = -82 - k. List the prime factors of s.
7
Let w = -8 - -11. Let a be (w - 2)/2*0. Suppose 0 = 2*z - r - a*r - 41, -r + 39 = 2*z. What are the prime factors of z?
2, 5
Let z(y) = 4*y**2 + y + 1. Let k be z(3). What are the prime factors of ((-12)/10)/((-12)/k)?
2
Let u be 7/2 + 5/(-10). Suppose -15 = -0*q - u*q. List the prime factors of q.
5
Suppose 0 = -3*a - 2*a + 115. Let m = -8 - -43. Let q = m - a. List the prime factors of q.
2, 3
Let w = 15 + -2. Suppose 3*n = w + 35. What are the prime factors of n?
2
Let l = 90 - 80. Let g(m) be the first derivative of m**4/4 - 11*m**3/3 + 6*m**2 - 5*m + 1. What are the prime factors of g(l)?
3, 5
Let d = 14 + -12. Suppose -2*s - 46 = -i - d*i, -3*s - 6 = -i. List the prime factors of i.
2, 3
Let f(b) = b**3 + 6*b**2 - 4. Let a be f(-6). Let s = a - -22. What are the prime factors of s?
2, 3
Let u(w) = w**3 - w**2 - 2*w + 5. Let d(j) = j**2 + 7*j + 4. Let o be d(-7). What are the prime factors of u(o)?
3, 5
Let t be -3 + 6 + (-2)/(-2). Suppose -1 = t*n - 29. List the prime factors of n.
7
Suppose 3 - 2 = c, -y + 2*c = 0. Let u(x) = -x**3 + 2*x**2 + 2. What are the prime factors of u(y)?
2
Let r(b) = 21*b + 1. Let i be r(1). Suppose -7*p = -5*p - i. List the prime factors of p.
11
Let a = 11 + -4. Let k(q) = -2*q - 9. Let f be k(a). Let v = -6 - f. List the prime factors of v.
17
Let x(d) = -10*d**2 - 2*d - 1. Suppose k + 1 = -0. Let i be x(k). Let j = -1 - i. What are the prime factors of j?
2
Suppose 220 = c + 3*r, 5*c - 1044 = -14*r + 13*r. What are the prime factors of c?
2, 13
Let s(u) = 7*u + 38. What are the prime factors of s(0)?
2, 19
Let g(d) = 3*d - 1. Let o be g(2). List the prime factors of 1/(-5) + 71/o.
2, 7
Suppose 55*w - 56*w = -115. List the prime factors of w.
5, 23
Let z = -2 - -5. Suppose -z*m - 2*u + 9 + 28 = 0, 4*m = u + 53. List the prime factors of m.
13
Suppose 5*a = -o + 31, -5*a + 43 = -2*o - 0*o. Suppose -a*v = -2*v - 20. What are the prime factors of v?
2
List the prime factors of (-93)/(-1 - 1/2).
2, 31
L